{"id":18846,"date":"2018-05-06T11:27:01","date_gmt":"2018-05-06T11:27:01","guid":{"rendered":"http:\/\/more.efpsa.org\/congress2019\/?page_id=18846"},"modified":"2019-05-29T12:27:46","modified_gmt":"2019-05-29T12:27:46","slug":"about","status":"publish","type":"page","link":"https:\/\/more.efpsa.org\/conference2019\/about\/","title":{"rendered":"About"},"content":{"rendered":"<div id=\"pl-18846\"  class=\"panel-layout\" ><div id=\"pg-18846-0\"  class=\"panel-grid panel-has-style\" ><div class=\"panel-row-style panel-row-style-for-18846-0\" ><div id=\"pgc-18846-0-0\"  class=\"panel-grid-cell\" ><div id=\"panel-18846-0-0-0\" class=\"so-panel widget widget_sow-tabs panel-first-child panel-last-child\" data-index=\"0\" ><div class=\"so-widget-sow-tabs so-widget-sow-tabs-default-784f7af5cc01\" data-use-anchor-tags=\"true\"><div class=\"sow-tabs\">\n\t<div class=\"sow-tabs-tab-container\" role=\"tablist\">\n\t\t\t<div class=\"sow-tabs-tab sow-tabs-tab-selected\"\n\t\t\t role=\"tab\" data-anchor=\"aims\"\n\t\t\t aria-selected=\"true\" tabindex=\"0\">\n\t\t\t<div class=\"sow-tabs-title\">\n\t\t\t\t\t\t\t\tAims\t\t\t\t\t\t\t<\/div>\n\t\t<\/div>\n\t\t\t<div class=\"sow-tabs-tab\"\n\t\t\t role=\"tab\" data-anchor=\"theme\"\n\t\t\t aria-selected=\"false\" tabindex=\"-1\">\n\t\t\t<div class=\"sow-tabs-title\">\n\t\t\t\t\t\t\t\tTheme\t\t\t\t\t\t\t<\/div>\n\t\t<\/div>\n\t\t\t<div class=\"sow-tabs-tab\"\n\t\t\t role=\"tab\" data-anchor=\"the-organising-committee\"\n\t\t\t aria-selected=\"false\" tabindex=\"-1\">\n\t\t\t<div class=\"sow-tabs-title\">\n\t\t\t\t\t\t\t\tThe Organising Committee\t\t\t\t\t\t\t<\/div>\n\t\t<\/div>\n\t\t\t<div class=\"sow-tabs-tab\"\n\t\t\t role=\"tab\" data-anchor=\"prague\"\n\t\t\t aria-selected=\"false\" tabindex=\"-1\">\n\t\t\t<div class=\"sow-tabs-title\">\n\t\t\t\t\t\t\t\tPRAGUE\t\t\t\t\t\t\t<\/div>\n\t\t<\/div>\n\t\t<\/div>\n\t\n\t<div class=\"sow-tabs-panel-container\">\n\t\t\t<div class=\"sow-tabs-panel\">\n\t\t\t<div class=\"sow-tabs-panel-content\" role=\"tabpanel\" tabindex=\"0\">\n\t\t\t\t<div id=\"pl-w5363ac43\"  class=\"panel-layout\" ><div id=\"pg-w5363ac43-0\"  class=\"panel-grid panel-has-style\" ><div class=\"panel-row-style panel-row-style-for-w5363ac43-0\" ><div id=\"pgc-w5363ac43-0-0\"  class=\"panel-grid-cell\" ><div id=\"panel-w5363ac43-0-0-0\" class=\"so-panel widget widget_sow-editor panel-first-child panel-last-child\" data-index=\"0\" ><div class=\"so-widget-sow-editor so-widget-sow-editor-base\">\n<div class=\"siteorigin-widget-tinymce textwidget\">\n\t<p style=\"text-align: justify\"><span style=\"font-size: 14pt\"><strong><span style=\"color: #000000\">1. The overall aim is to build strong, intercultural networks on a personal and professional level. Enrichment of scientific knowledge and offering new experiences:<\/span><\/strong><\/span><\/p>\n<p style=\"padding-left: 30px;text-align: justify\"><span style=\"font-size: 14pt\">There will be opportunities to present one\u2019s own research to fellow students.<\/span><br \/>\n<span style=\"font-size: 14pt\">There will be a wide range of professional lectures and workshops on diverse psychological topics, controversies and research.<\/span><\/p>\n<p style=\"text-align: justify\"><span style=\"font-size: 14pt\"><strong><span style=\"color: #000000\">2. International meeting of students, exchange of ideas and cross cultural communication:<\/span><\/strong><\/span><\/p>\n<p style=\"padding-left: 30px;text-align: justify\"><span style=\"font-size: 14pt\">Many opportunities for cooperation on different levels, both scientific and social will be offered.<\/span><br \/>\n<span style=\"font-size: 14pt\">Networking among students will be encouraged.<\/span><\/p>\n<p style=\"text-align: justify\"><span style=\"font-size: 14pt\"><strong><span style=\"color: #000000\">3. Promoting EFPSA and its Mission, Vision and Values:<\/span><\/strong><\/span><\/p>\n<p style=\"padding-left: 30px;text-align: justify\"><span style=\"font-size: 14pt\">EFPSA\u00b4s activities and services will be presented to all participants.<\/span><br \/>\n<span style=\"font-size: 14pt\">All participants will have the chance to actively contribute to the development of the Federation or even join the working community in one of the positions of the Executive Board that will be starting their mandate.<\/span><\/p>\n<p style=\"text-align: justify\"><span style=\"font-size: 14pt\"><strong><span style=\"color: #000000\">4. Promoting intercultural dialogue within Europe:<\/span><\/strong><\/span><\/p>\n<p style=\"padding-left: 30px;text-align: justify\"><span style=\"font-size: 14pt\">The Congress will bring together students from more than 30 countries and regions of Europe.<\/span><br \/>\n<span style=\"font-size: 14pt\">Open discussion sessions, workshops, and lectures delivered by professionals and students will encourage discussions among participants about cultural differences.<\/span><\/p>\n<p style=\"text-align: justify\"><span style=\"font-size: 14pt\"><strong><span style=\"color: #000000\">5. Presenting Czech republic and the way psychology is taught, practiced and viewed within our culture:<\/span><\/strong><\/span><\/p>\n<p style=\"padding-left: 30px;text-align: justify\"><span style=\"font-size: 14pt\">Lectures will be held by a wide range of lecturers and professional Psychologists from different universities and institutions, not only from Czech republic. Social activities will introduce the Czech culture and history to the European psychology students whilst celebrating the ? EFPSA Congress.<\/span><\/p>\n<\/div>\n<\/div><\/div><\/div><\/div><\/div><\/div>\t\t\t<\/div>\n\t\t<\/div>\n\t\t\t<div class=\"sow-tabs-panel\">\n\t\t\t<div class=\"sow-tabs-panel-content\" role=\"tabpanel\" aria-hidden=\"true\">\n\t\t\t\t<div id=\"pl-w4bcde41a\"  class=\"panel-layout\" ><div id=\"pg-w4bcde41a-0\"  class=\"panel-grid panel-has-style\" ><div class=\"panel-row-style panel-row-style-for-w4bcde41a-0\" ><div id=\"pgc-w4bcde41a-0-0\"  class=\"panel-grid-cell\" ><div id=\"panel-w4bcde41a-0-0-0\" class=\"so-panel widget widget_sow-headline panel-first-child\" data-index=\"0\" ><div class=\"panel-widget-style panel-widget-style-for-w4bcde41a-0-0-0\" ><div class=\"so-widget-sow-headline so-widget-sow-headline-default-2cecb16ab625\"><div class=\"sow-headline-container \">\n\t<h1 class='sow-headline'><b>Environmental psychology: \u201cHumans in their surrounding world\u201d<\/b><\/h1>\t\t\t\t\t<div class=\"decoration\">\n\t\t\t\t\t\t<div class=\"decoration-inside\"><\/div>\n\t\t\t\t\t<\/div>\n\t\t\t\t\t<\/div><\/div><\/div><\/div><div id=\"panel-w4bcde41a-0-0-1\" class=\"so-panel widget widget_sow-editor panel-last-child\" data-index=\"1\" ><div class=\"so-widget-sow-editor so-widget-sow-editor-base\">\n<div class=\"siteorigin-widget-tinymce textwidget\">\n\t<p style=\"text-align: justify\"><span style=\"font-size: 14pt\">From natural elements, colors, climate changes, population levels, urbanism or architecture, to modern technologies, ecological interconnectedness of humans with the world and their social background. At the first sight, all the mentioned terms might seem very heterogenous and random, but truth is, that they are all elegantly connected by the scientific domain of Envirnomental Psychology. This relatively young psychological discipline was established in the 1960s and has been changing its specific focus over time. However, it is built around one particular question, which is How environment impacts our experience, behaviour and well-being, and in the same time, how do we impact the environment by our activity? By its novelty it is reacting to real and actual topics and thus it is helping us to understand human and the surrounding world. Therefore the goal of our conference is to facilitate the participants the insight to the research and erudite perspective of the leading professionals of the field and open the discussion about actual topics to the field of Psychology.<\/span><\/p>\n<\/div>\n<\/div><\/div><\/div><\/div><\/div><\/div>\t\t\t<\/div>\n\t\t<\/div>\n\t\t\t<div class=\"sow-tabs-panel\">\n\t\t\t<div class=\"sow-tabs-panel-content\" role=\"tabpanel\" aria-hidden=\"true\">\n\t\t\t\t<div id=\"pl-wb6f60251\"  class=\"panel-layout\" ><div id=\"pg-wb6f60251-0\"  class=\"panel-grid panel-has-style\" ><div class=\"panel-row-style panel-row-style-for-wb6f60251-0\" ><div id=\"pgc-wb6f60251-0-0\"  class=\"panel-grid-cell\" ><div id=\"panel-wb6f60251-0-0-0\" class=\"so-panel widget widget_sow-headline panel-first-child\" data-index=\"0\" ><div class=\"so-widget-sow-headline so-widget-sow-headline-default-8b8fcac18744\"><div class=\"sow-headline-container \">\n\t<h3 class='sow-headline'>Head of the Conference<\/h3><\/div><\/div><\/div><div id=\"panel-wb6f60251-0-0-1\" class=\"so-panel widget widget_sow-image\" data-index=\"1\" ><div class=\"so-widget-sow-image so-widget-sow-image-default-17bc2272b535\">\n\n<div class=\"sow-image-container\">\n\t<img src=\"https:\/\/more.efpsa.org\/conference2019\/files\/2019\/03\/T\u00fdnka.jpg\" width=\"333\" height=\"500\" srcset=\"https:\/\/more.efpsa.org\/conference2019\/files\/2019\/03\/T\u00fdnka.jpg 333w, https:\/\/more.efpsa.org\/conference2019\/files\/2019\/03\/T\u00fdnka-200x300.jpg 200w\" sizes=\"(max-width: 333px) 100vw, 333px\" alt=\"\" \t\tclass=\"so-widget-image\"\/>\n<\/div>\n\n<\/div><\/div><div id=\"panel-wb6f60251-0-0-2\" class=\"so-panel widget widget_sow-editor panel-last-child\" data-index=\"2\" ><div class=\"so-widget-sow-editor so-widget-sow-editor-base\">\n<div class=\"siteorigin-widget-tinymce textwidget\">\n\t<p style=\"text-align: center;\"><span style=\"font-size: 14pt;\">\"Hi! I am Tyna and I am the Head of Organization of this wonderful EFPSA conference. I stood at the very beginning of this organization so I have had an opportunity to watch how we all are moving forward and the conference is growing up. And that\u00b4s the magic. To sow a seed at first and enjoy the stunning result in the end with all participating or involved people.\"<\/span><\/p>\n<\/div>\n<\/div><\/div><\/div><\/div><\/div><div id=\"pg-wb6f60251-1\"  class=\"panel-grid panel-has-style\" ><div class=\"panel-row-style panel-row-style-for-wb6f60251-1\" ><div id=\"pgc-wb6f60251-1-0\"  class=\"panel-grid-cell\" ><div id=\"panel-wb6f60251-1-0-0\" class=\"so-panel widget widget_sow-headline panel-first-child\" data-index=\"3\" ><div class=\"so-widget-sow-headline so-widget-sow-headline-default-8b8fcac18744\"><div class=\"sow-headline-container \">\n\t<h3 class='sow-headline'>Administration team<\/h3><\/div><\/div><\/div><div id=\"panel-wb6f60251-1-0-1\" class=\"so-panel widget widget_sow-image\" data-index=\"4\" ><div class=\"so-widget-sow-image so-widget-sow-image-default-17bc2272b535\">\n\n<div class=\"sow-image-container\">\n\t<img src=\"https:\/\/more.efpsa.org\/conference2019\/files\/2019\/03\/ADMINISTRATIVE.jpg\" width=\"500\" height=\"375\" srcset=\"https:\/\/more.efpsa.org\/conference2019\/files\/2019\/03\/ADMINISTRATIVE.jpg 500w, https:\/\/more.efpsa.org\/conference2019\/files\/2019\/03\/ADMINISTRATIVE-300x225.jpg 300w\" sizes=\"(max-width: 500px) 100vw, 500px\" alt=\"\" \t\tclass=\"so-widget-image\"\/>\n<\/div>\n\n<\/div><\/div><div id=\"panel-wb6f60251-1-0-2\" class=\"so-panel widget widget_sow-editor panel-last-child\" data-index=\"5\" ><div class=\"so-widget-sow-editor so-widget-sow-editor-base\">\n<div class=\"siteorigin-widget-tinymce textwidget\">\n\t<p style=\"text-align: center;\"><span style=\"font-size: 14pt;\">\"We would like to introduce our administrative team. Our main goal is to ensure your wellbeing during the conference. We would love to give you tips about accomodation, food and other important stuff. Don\u00b4t hesitate to ask us about anything!\"<\/span><\/p>\n<\/div>\n<\/div><\/div><\/div><\/div><\/div><div id=\"pg-wb6f60251-2\"  class=\"panel-grid panel-has-style\" ><div class=\"panel-row-style panel-row-style-for-wb6f60251-2\" ><div id=\"pgc-wb6f60251-2-0\"  class=\"panel-grid-cell\" ><div id=\"panel-wb6f60251-2-0-0\" class=\"so-panel widget widget_sow-headline panel-first-child\" data-index=\"6\" ><div class=\"so-widget-sow-headline so-widget-sow-headline-default-8b8fcac18744\"><div class=\"sow-headline-container \">\n\t<h3 class='sow-headline'>Scientific team<\/h3><\/div><\/div><\/div><div id=\"panel-wb6f60251-2-0-1\" class=\"so-panel widget widget_sow-image\" data-index=\"7\" ><div class=\"so-widget-sow-image so-widget-sow-image-default-17bc2272b535\">\n\n<div class=\"sow-image-container\">\n\t<img src=\"https:\/\/more.efpsa.org\/conference2019\/files\/2019\/03\/SCIENTIFIC.jpg\" width=\"500\" height=\"300\" srcset=\"https:\/\/more.efpsa.org\/conference2019\/files\/2019\/03\/SCIENTIFIC.jpg 500w, https:\/\/more.efpsa.org\/conference2019\/files\/2019\/03\/SCIENTIFIC-300x180.jpg 300w\" sizes=\"(max-width: 500px) 100vw, 500px\" alt=\"\" \t\tclass=\"so-widget-image\"\/>\n<\/div>\n\n<\/div><\/div><div id=\"panel-wb6f60251-2-0-2\" class=\"so-panel widget widget_sow-editor panel-last-child\" data-index=\"8\" ><div class=\"so-widget-sow-editor so-widget-sow-editor-base\">\n<div class=\"siteorigin-widget-tinymce textwidget\">\n\t<p style=\"text-align: center;\"><span style=\"font-size: 14pt;\">\"We are responsible for finding and approaching potential speakers for the conference, evaluation and acceptation of the student\u2019s contributions, organisation and facilitating of panel discussions and much more. The awesome program of the conference is made by us!\"<\/span><\/p>\n<\/div>\n<\/div><\/div><\/div><\/div><\/div><div id=\"pg-wb6f60251-3\"  class=\"panel-grid panel-has-style\" ><div class=\"panel-row-style panel-row-style-for-wb6f60251-3\" ><div id=\"pgc-wb6f60251-3-0\"  class=\"panel-grid-cell\" ><div id=\"panel-wb6f60251-3-0-0\" class=\"so-panel widget widget_sow-headline panel-first-child\" data-index=\"9\" ><div class=\"so-widget-sow-headline so-widget-sow-headline-default-8b8fcac18744\"><div class=\"sow-headline-container \">\n\t<h3 class='sow-headline'>Social team<\/h3><\/div><\/div><\/div><div id=\"panel-wb6f60251-3-0-1\" class=\"so-panel widget widget_sow-image\" data-index=\"10\" ><div class=\"so-widget-sow-image so-widget-sow-image-default-17bc2272b535\">\n\n<div class=\"sow-image-container\">\n\t<img src=\"https:\/\/more.efpsa.org\/conference2019\/files\/2019\/03\/SOCIAL.jpg\" width=\"500\" height=\"375\" srcset=\"https:\/\/more.efpsa.org\/conference2019\/files\/2019\/03\/SOCIAL.jpg 500w, https:\/\/more.efpsa.org\/conference2019\/files\/2019\/03\/SOCIAL-300x225.jpg 300w\" sizes=\"(max-width: 500px) 100vw, 500px\" alt=\"\" \t\tclass=\"so-widget-image\"\/>\n<\/div>\n\n<\/div><\/div><div id=\"panel-wb6f60251-3-0-2\" class=\"so-panel widget widget_sow-editor panel-last-child\" data-index=\"11\" ><div class=\"so-widget-sow-editor so-widget-sow-editor-base\">\n<div class=\"siteorigin-widget-tinymce textwidget\">\n\t<p style=\"text-align: center;\"><span style=\"font-size: 14pt;\">\"We are the team that takes care of social events. We provide participants with activities in the evenings and in between the main program. Our goal is to create a pleasant atmosphere during the whole conference and to help you network with fellow psychologists from all around Europe.\"<\/span><\/p>\n<\/div>\n<\/div><\/div><\/div><\/div><\/div><div id=\"pg-wb6f60251-4\"  class=\"panel-grid panel-has-style\" ><div class=\"panel-row-style panel-row-style-for-wb6f60251-4\" ><div id=\"pgc-wb6f60251-4-0\"  class=\"panel-grid-cell\" ><div id=\"panel-wb6f60251-4-0-0\" class=\"so-panel widget widget_sow-headline panel-first-child\" data-index=\"12\" ><div class=\"so-widget-sow-headline so-widget-sow-headline-default-8b8fcac18744\"><div class=\"sow-headline-container \">\n\t<h3 class='sow-headline'>Finance team<\/h3><\/div><\/div><\/div><div id=\"panel-wb6f60251-4-0-1\" class=\"so-panel widget widget_sow-image\" data-index=\"13\" ><div class=\"so-widget-sow-image so-widget-sow-image-default-17bc2272b535\">\n\n<div class=\"sow-image-container\">\n\t<img src=\"https:\/\/more.efpsa.org\/conference2019\/files\/2019\/03\/FINANCE.jpg\" width=\"319\" height=\"500\" srcset=\"https:\/\/more.efpsa.org\/conference2019\/files\/2019\/03\/FINANCE.jpg 319w, https:\/\/more.efpsa.org\/conference2019\/files\/2019\/03\/FINANCE-191x300.jpg 191w\" sizes=\"(max-width: 319px) 100vw, 319px\" alt=\"\" \t\tclass=\"so-widget-image\"\/>\n<\/div>\n\n<\/div><\/div><div id=\"panel-wb6f60251-4-0-2\" class=\"so-panel widget widget_sow-editor panel-last-child\" data-index=\"14\" ><div class=\"so-widget-sow-editor so-widget-sow-editor-base\">\n<div class=\"siteorigin-widget-tinymce textwidget\">\n\t<p style=\"text-align: center;\"><span style=\"font-size: 14pt;\">\"We, the Finance Team, are the dragons sitting on everyone's gold. Our task is to collect all the golden coins from sponsors and juggle with them, letting them fall into appropriate pockets. Thanks to that participants can enjoy the lectures delivered by the leading experts, the venue with all its perks, and the priceless culture exchange during the social program and the whole conference. And coffee breaks!\"<\/span><\/p>\n<\/div>\n<\/div><\/div><\/div><\/div><\/div><div id=\"pg-wb6f60251-5\"  class=\"panel-grid panel-has-style\" ><div class=\"panel-row-style panel-row-style-for-wb6f60251-5\" ><div id=\"pgc-wb6f60251-5-0\"  class=\"panel-grid-cell\" ><div id=\"panel-wb6f60251-5-0-0\" class=\"so-panel widget widget_sow-headline panel-first-child\" data-index=\"15\" ><div class=\"so-widget-sow-headline so-widget-sow-headline-default-8b8fcac18744\"><div class=\"sow-headline-container \">\n\t<h3 class='sow-headline'>Marketing team<\/h3><\/div><\/div><\/div><div id=\"panel-wb6f60251-5-0-1\" class=\"so-panel widget widget_sow-image\" data-index=\"16\" ><div class=\"so-widget-sow-image so-widget-sow-image-default-17bc2272b535\">\n\n<div class=\"sow-image-container\">\n\t<img src=\"https:\/\/more.efpsa.org\/conference2019\/files\/2019\/03\/MARKETING.jpg\" width=\"500\" height=\"338\" srcset=\"https:\/\/more.efpsa.org\/conference2019\/files\/2019\/03\/MARKETING.jpg 500w, https:\/\/more.efpsa.org\/conference2019\/files\/2019\/03\/MARKETING-300x203.jpg 300w\" sizes=\"(max-width: 500px) 100vw, 500px\" alt=\"\" \t\tclass=\"so-widget-image\"\/>\n<\/div>\n\n<\/div><\/div><div id=\"panel-wb6f60251-5-0-2\" class=\"so-panel widget widget_sow-editor panel-last-child\" data-index=\"17\" ><div class=\"so-widget-sow-editor so-widget-sow-editor-base\">\n<div class=\"siteorigin-widget-tinymce textwidget\">\n\t<p style=\"text-align: center;\"><span style=\"font-size: 14pt;\">\"We are a team of beautiful, young, smart, creative, and charismatic people. We are here to draw, brainstorm, wrack our brains, and think up the best ways to bring you the freshest information about the conference, its program, speakers, theme, and about the organizing committee. Our goal is to be seen, heard, and maybe even felt, so that you can stay informed.\"<\/span><\/p>\n<\/div>\n<\/div><\/div><\/div><\/div><\/div><\/div>\t\t\t<\/div>\n\t\t<\/div>\n\t\t\t<div class=\"sow-tabs-panel\">\n\t\t\t<div class=\"sow-tabs-panel-content\" role=\"tabpanel\" aria-hidden=\"true\">\n\t\t\t\t<div id=\"pl-w61626e4b\"  class=\"panel-layout\" ><div id=\"pg-w61626e4b-0\"  class=\"panel-grid panel-no-style\" ><div id=\"pgc-w61626e4b-0-0\"  class=\"panel-grid-cell\" ><div id=\"panel-w61626e4b-0-0-0\" class=\"so-panel widget widget_sow-image panel-first-child panel-last-child\" data-index=\"0\" ><div class=\"so-widget-sow-image so-widget-sow-image-default-17bc2272b535\">\n\n<div class=\"sow-image-container\">\n\t<img src=\"https:\/\/more.efpsa.org\/conference2019\/files\/2019\/05\/bridge.jpg\" width=\"670\" height=\"338\" srcset=\"https:\/\/more.efpsa.org\/conference2019\/files\/2019\/05\/bridge.jpg 670w, https:\/\/more.efpsa.org\/conference2019\/files\/2019\/05\/bridge-300x151.jpg 300w\" sizes=\"(max-width: 670px) 100vw, 670px\" alt=\"\" \t\tclass=\"so-widget-image\"\/>\n<\/div>\n\n<\/div><\/div><\/div><div id=\"pgc-w61626e4b-0-1\"  class=\"panel-grid-cell\" ><div id=\"panel-w61626e4b-0-1-0\" class=\"so-panel widget widget_sow-editor panel-first-child panel-last-child\" data-index=\"1\" ><div class=\"so-widget-sow-editor so-widget-sow-editor-base\">\n<div class=\"siteorigin-widget-tinymce textwidget\">\n\t<p><span style=\"font-size: 14pt\">Prague is the capital city and the biggest city of the Czech Republic. Prague is often called as \u201cthe city of a hundred of towers\u201d especially due to many churches and cathedrals and other historical buildings. It lies on the river Vltava, which is the longest Czech river. There live about 1.3 milion people in Prague and millions of tourists visit Prague every year. Visitors are mainly interested in historical centre of Prague, architectural buildings such as the Prague Castle, the main office of our president Milo\u0161 <\/span><span style=\"font-size: 14pt\">Zeman, the reconstructed National Museum, the National Theatre with typical gold root and Charles Bridge, which was built in 14. century by Charles I., who is called the father of country. Charles IV was the most famous king who lead the build to not only Charles Bridge, but also the Charles University, the oldest University in the Czech Republic.<\/span><\/p>\n<\/div>\n<\/div><\/div><\/div><\/div><div id=\"pg-w61626e4b-1\"  class=\"panel-grid panel-no-style\" ><div id=\"pgc-w61626e4b-1-0\"  class=\"panel-grid-cell\" ><div id=\"panel-w61626e4b-1-0-0\" class=\"so-panel widget widget_sow-editor panel-first-child panel-last-child\" data-index=\"2\" ><div class=\"so-widget-sow-editor so-widget-sow-editor-base\">\n<div class=\"siteorigin-widget-tinymce textwidget\">\n\t<p><span style=\"font-size: 14pt\">However, Prague doesn\u2019t offer only historical places. There are also lovely parks, forests where you can just lay on the grass and relax, for example Divok\u00e1 \u0160\u00e1rka or Stromovka, where you can get by tram. If you prefer something more exciting, there are places such as The Pet\u0159\u00edn Lookout Tower or \u017di\u017ekov Television Tower from where you will have a wonderful view of Prague, extensive aquapark or bobsled track.\u00a0 The surrouding area of Prague is also beautiful,just pick up the bus or train and in a few minutes you can feel like you are in the countryside without millions of tourists and cars.<\/span><\/p>\n<\/div>\n<\/div><\/div><\/div><div id=\"pgc-w61626e4b-1-1\"  class=\"panel-grid-cell\" ><div id=\"panel-w61626e4b-1-1-0\" class=\"so-panel widget widget_sow-image panel-first-child panel-last-child\" data-index=\"3\" ><div class=\"so-widget-sow-image so-widget-sow-image-default-17bc2272b535\">\n\n<div class=\"sow-image-container\">\n\t<img src=\"https:\/\/more.efpsa.org\/conference2019\/files\/2019\/05\/vltava.jpg\" width=\"683\" height=\"465\" srcset=\"https:\/\/more.efpsa.org\/conference2019\/files\/2019\/05\/vltava.jpg 683w, https:\/\/more.efpsa.org\/conference2019\/files\/2019\/05\/vltava-300x204.jpg 300w\" sizes=\"(max-width: 683px) 100vw, 683px\" alt=\"\" \t\tclass=\"so-widget-image\"\/>\n<\/div>\n\n<\/div><\/div><\/div><\/div><div id=\"pg-w61626e4b-2\"  class=\"panel-grid panel-has-style\" ><div class=\"panel-row-style panel-row-style-for-w61626e4b-2\" ><div id=\"pgc-w61626e4b-2-0\"  class=\"panel-grid-cell panel-grid-cell-empty\" ><\/div><\/div><\/div><\/div>\t\t\t<\/div>\n\t\t<\/div>\n\t\t<\/div>\n<\/div>\n<\/div><\/div><\/div><\/div><\/div><\/div>","protected":false},"excerpt":{"rendered":"<p>Aims Theme The Organising Committee PRAGUE 1. The overall aim is to build strong, intercultural networks on a personal and [&hellip;]<\/p>\n","protected":false},"author":11714,"featured_media":0,"parent":0,"menu_order":0,"comment_status":"closed","ping_status":"closed","template":"","meta":{"_monsterinsights_skip_tracking":false,"_monsterinsights_sitenote_active":false,"_monsterinsights_sitenote_note":"","_monsterinsights_sitenote_category":0},"_links":{"self":[{"href":"https:\/\/more.efpsa.org\/conference2019\/wp-json\/wp\/v2\/pages\/18846"}],"collection":[{"href":"https:\/\/more.efpsa.org\/conference2019\/wp-json\/wp\/v2\/pages"}],"about":[{"href":"https:\/\/more.efpsa.org\/conference2019\/wp-json\/wp\/v2\/types\/page"}],"author":[{"embeddable":true,"href":"https:\/\/more.efpsa.org\/conference2019\/wp-json\/wp\/v2\/users\/11714"}],"replies":[{"embeddable":true,"href":"https:\/\/more.efpsa.org\/conference2019\/wp-json\/wp\/v2\/comments?post=18846"}],"version-history":[{"count":5,"href":"https:\/\/more.efpsa.org\/conference2019\/wp-json\/wp\/v2\/pages\/18846\/revisions"}],"predecessor-version":[{"id":19109,"href":"https:\/\/more.efpsa.org\/conference2019\/wp-json\/wp\/v2\/pages\/18846\/revisions\/19109"}],"wp:attachment":[{"href":"https:\/\/more.efpsa.org\/conference2019\/wp-json\/wp\/v2\/media?parent=18846"}],"curies":[{"name":"wp","href":"https:\/\/api.w.org\/{rel}","templated":true}]}}