{"id":19266,"date":"2022-12-22T05:45:43","date_gmt":"2022-12-22T05:45:43","guid":{"rendered":"https:\/\/more.efpsa.org\/congress2023\/?page_id=19266"},"modified":"2023-03-24T17:44:19","modified_gmt":"2023-03-24T17:44:19","slug":"partners-sponsors","status":"publish","type":"page","link":"https:\/\/more.efpsa.org\/congress2023\/partners-sponsors\/","title":{"rendered":"Partners &amp; Sponsors"},"content":{"rendered":"<div id=\"pl-19266\"  class=\"panel-layout\" ><div id=\"pg-19266-0\"  class=\"panel-grid panel-has-style\" ><div class=\"panel-row-style panel-row-style-for-19266-0\" ><div id=\"pgc-19266-0-0\"  class=\"panel-grid-cell\" ><div id=\"panel-19266-0-0-0\" class=\"so-panel widget widget_sow-tabs panel-first-child panel-last-child\" data-index=\"0\" ><div class=\"so-widget-sow-tabs so-widget-sow-tabs-default-72e4dc08e23c\" data-use-anchor-tags=\"true\"><div class=\"sow-tabs\">\n\t<div class=\"sow-tabs-tab-container\" role=\"tablist\">\n\t\t\t<div class=\"sow-tabs-tab sow-tabs-tab-selected\"\n\t\t\t role=\"tab\" data-anchor=\"partners\"\n\t\t\t aria-selected=\"true\" tabindex=\"0\">\n\t\t\t<div class=\"sow-tabs-title\">\n\t\t\t\t\t\t\t\tPartners\t\t\t\t\t\t\t<\/div>\n\t\t<\/div>\n\t\t\t<div class=\"sow-tabs-tab\"\n\t\t\t role=\"tab\" data-anchor=\"sponsors\"\n\t\t\t aria-selected=\"false\" tabindex=\"-1\">\n\t\t\t<div class=\"sow-tabs-title\">\n\t\t\t\t\t\t\t\tSponsors\t\t\t\t\t\t\t<\/div>\n\t\t<\/div>\n\t\t<\/div>\n\t\n\t<div class=\"sow-tabs-panel-container\">\n\t\t\t<div class=\"sow-tabs-panel\">\n\t\t\t<div class=\"sow-tabs-panel-content\" role=\"tabpanel\" tabindex=\"0\">\n\t\t\t\t<div id=\"pl-w6b07bede\"  class=\"panel-layout\" ><div id=\"pg-w6b07bede-0\"  class=\"panel-grid panel-has-style\" ><div class=\"panel-row-style panel-row-style-for-w6b07bede-0\" ><div id=\"pgc-w6b07bede-0-0\"  class=\"panel-grid-cell\" ><div id=\"panel-w6b07bede-0-0-0\" class=\"so-panel widget widget_sow-editor panel-first-child panel-last-child\" data-index=\"0\" ><div class=\"so-widget-sow-editor so-widget-sow-editor-base\">\n<div class=\"siteorigin-widget-tinymce textwidget\">\n\t<div id=\"Short_Introduction\" style=\"text-align: justify\">\n<blockquote><p><em><strong><img loading=\"lazy\" class=\"\" src=\"https:\/\/anep.pt\/wp-content\/uploads\/2020\/03\/cropped-Logo-1-Cores.png\" alt=\"ANEP | Associa\u00e7\u00e3o Nacional de Estudantes de Psicologia\" width=\"306\" height=\"117\" \/><\/strong><\/em><\/p><\/blockquote>\n<p><span style=\"font-size: 14pt\"><strong>ANEP<\/strong><\/span><\/p>\n<blockquote><p><span style=\"color: #000000;font-size: 14pt\"><em><strong>For over 30 years representing Psychology students in Portugal.<\/strong><\/em><\/span><\/p><\/blockquote>\n<p><span style=\"font-size: 14pt\"><span style=\"color: #ff6600\"><em><strong>The National Association of Psychology Students<\/strong><\/em><\/span> (<a href=\"http:\/\/anep.pt\/\">ANEP<\/a>) is a federative structure whose main goal is to represent the Portuguese Psychology Students from all colleges, public and private, at National level. It is Portugal's Member Organisation in EFPSA.<\/span><br \/>\n<span style=\"font-size: 14pt\">The values that guide ANEP's action are characterised by the ambition of outlining a strategy with a medium and long term vision, in the certainty that its initiatives will impact on the future of students, future professionals, and on the valorisation of Psychology in our society. Such strategy should be operationalised in a set of actions that strengthen the students' <strong>Extracurricular Training<\/strong>, broadening the scope of action areas in Psychology; that allow an in-depth reflection on the <strong>Teaching and Preparation<\/strong> of students for the labour market; that promote the <strong>Recognition of the Profession<\/strong> before the community.<\/span><\/p>\n<p><img src=\"https:\/\/sigarra.up.pt\/fpceup\/pt\/imagens\/LogotipoSI\" alt=\"FPCEUP - Faculdade de Psicologia e de Ci\u00eancias da Educa\u00e7\u00e3o da Universidade do Porto\" \/><\/p>\n<p><strong><span style=\"font-size: 14pt\">FPCEUP<\/span><\/strong><\/p>\n<p><span style=\"font-size: 14pt\">The\u00a0<strong><span style=\"color: #ff6600\"><em>Faculty of Psychology and Educational Sciences of the University of Porto <\/em><\/span><\/strong>(<a href=\"https:\/\/sigarra.up.pt\/fpceup\/en\/web_base.gera_pagina?P_pagina=boasvindas_sigarra\">FPCEUP<\/a>) started its activity in 1980 and is proud to be currently a reference in training and research in the fields of Psychology and Educational Sciences, having contributed for the training of professionals of excellence inserted in the social fabric in areas such as education, justice, health, public administration, companies and socio-cultural animation, among others.<\/span><\/p>\n<\/div>\n<p><img loading=\"lazy\" class=\"\" src=\"https:\/\/aefpceup.pt\/wp-content\/uploads\/2022\/09\/ae.png\" alt=\"AEFPCEUP \u2013 Associa\u00e7\u00e3o de Estudantes da FPCEUP \u2013 Associa\u00e7\u00e3o de Estudantes da  Faculdade de Psicologia e de Ci\u00eancias da Educa\u00e7\u00e3o da Universidade do Porto\" width=\"345\" height=\"171\" \/><\/p>\n<p><strong><span style=\"font-size: 14pt\">FPCEUP<\/span><\/strong><\/p>\n<p><span style=\"font-size: 14pt\">The <strong><span style=\"color: #ff6600\"><em>Students' Association of of the Faculty of Psychology and Educational Sciences of the University of Porto (<\/em><\/span><\/strong><a href=\"https:\/\/aefpceup.pt\/sobre-nos\/\"><span style=\"color: #ff6600\">AEFPCEUP<\/span><\/a><strong><span style=\"color: #ff6600\"><em>)<\/em><\/span><\/strong><\/span><\/p>\n<div id=\"Short_Introduction\" style=\"text-align: justify\">\n<p>&nbsp;<\/p>\n<\/div>\n<\/div>\n<\/div><\/div><\/div><\/div><\/div><\/div>\t\t\t<\/div>\n\t\t<\/div>\n\t\t\t<div class=\"sow-tabs-panel\">\n\t\t\t<div class=\"sow-tabs-panel-content\" role=\"tabpanel\" aria-hidden=\"true\">\n\t\t\t\t<div id=\"pl-w8029ba24\"  class=\"panel-layout\" ><div id=\"pg-w8029ba24-0\"  class=\"panel-grid panel-has-style\" ><div class=\"panel-row-style panel-row-style-for-w8029ba24-0\" ><div id=\"pgc-w8029ba24-0-0\"  class=\"panel-grid-cell\" ><div id=\"panel-w8029ba24-0-0-0\" class=\"so-panel widget widget_sow-editor panel-first-child panel-last-child\" data-index=\"0\" ><div class=\"so-widget-sow-editor so-widget-sow-editor-base\">\n<div class=\"siteorigin-widget-tinymce textwidget\">\n\t<div id=\"Short_Introduction\" style=\"text-align: justify\">\n<blockquote>\n<p><span style=\"font-size: 14pt\"><strong><em>We thank our Sponsors for making this event possible.<\/em><\/strong><\/span><\/p>\n<\/blockquote>\n<p><img loading=\"lazy\" class=\"alignnone wp-image-19283\" src=\"https:\/\/more.efpsa.org\/congress2023\/files\/2022\/12\/307265321_456612473175368_5045420243246927974_n.png\" alt=\"\" width=\"253\" height=\"253\" \/><\/p>\n<p><strong><span style=\"font-size: 14pt\">INSPSIC<\/span><\/strong><\/p>\n<p><span style=\"font-size: 14pt\"><em><strong>The <span style=\"color: #ff6600\">Portuguese Institute of Psychology and Other Sciences<\/span><\/strong><\/em> (<a href=\"https:\/\/www.inspsic.pt\">INSPSIC<\/a>) is a school centred on the psychological sciences which focuses on psychologists as its target public, but also on other professional groups for whom psychology may constitute an added value in terms of their professional and academic enhancement. It is characterised by a dynamism that has placed it among the best training schools. By combining Psychology with a number of other branches of knowledge, including biological sciences, management, sport, law, social service, criminology and other social and educational sciences, INSPSIC has contributed to broadening scientific knowledge in our country.<\/span><\/p>\n<div class=\"vc_custom_heading_wrap \">\n<div class=\"heading-text el-text\">\n<h1><img loading=\"lazy\" class=\"\" src=\"https:\/\/ies.berkeley.edu\/sites\/default\/files\/styles\/openberkeley_image_full\/public\/fladlogo.png?itok=Vs_iwsGw&amp;timestamp=1611701554\" alt=\"Luso-American Development Foundation (FLAD) | Institute of European Studies\" width=\"399\" height=\"266\" \/><\/h1>\n<h1><span style=\"font-size: 14pt\">FLAD<\/span><\/h1>\n<p class=\"p1\"><span class=\"s1\" style=\"font-size: 14pt\"><span style=\"color: #ff6600\"><b><em><span style=\"color: #000000\">The<\/span> Luso-American Development Foundation's <\/em><\/b><span style=\"color: #000000\">(<span style=\"color: #ff6600\"><a style=\"color: #ff6600\" href=\"https:\/\/www.flad.pt\">FLAD<\/a><\/span>) <\/span><\/span>mission is to \"promote the development of Portugal, the Portuguese and the Portuguese-descendant communities through a close cooperation with the United States of America. We are a bridge between the two countries, focusing on Science, Education,\u00a0 Culture and Transatlantic Relations.\u201d<\/span><\/p>\n<\/div>\n<p><img src=\"https:\/\/sp-ao.shortpixel.ai\/client\/to_webp,q_glossy,ret_img\/http:\/\/www.cnj.pt\/wp-content\/uploads\/2017\/03\/logo-a-cores-300px.png\" alt=\"CNJ | Conselho Nacional de Juventude\" \/><\/p>\n<h1><span style=\"font-size: 14pt\">CNJ<\/span><\/h1>\n<p><span style=\"font-size: 14pt\"><strong><em>The <\/em><\/strong><span style=\"color: #ff6600\"><strong><em>National Youth Council<\/em><\/strong>(<a style=\"color: #ff6600\" href=\"https:\/\/www.cnj.pt\">CNJ<\/a>)<\/span>is the platform representing youth organisations nationwide, covering the most diverse expressions of youth associations (cultural, environmental, scouts, political parties, students, trade unionists and confessionals).<\/span><\/p>\n<\/div>\n<p><img loading=\"lazy\" class=\"\" src=\"https:\/\/www.cm-pvarzim.pt\/content\/uploads\/2019\/05\/logo-cmpv-favicon.png\" alt=\"C.M. da P\u00f3voa de Varzim - P\u00f3voa de Varzim, \u00c9 Bom Viver Aqui!\" width=\"336\" height=\"336\" \/><\/p>\n<p><span style=\"color: #ff6600\"><em><strong><span style=\"font-size: 14pt\">P\u00f3voa de Varzim <a href=\"https:\/\/www.cm-pvarzim.pt\">City Hall<\/a><\/span><\/strong><\/em><\/span><\/p>\n<\/div>\n<\/div>\n<\/div><\/div><\/div><\/div><\/div><\/div>\t\t\t<\/div>\n\t\t<\/div>\n\t\t<\/div>\n<\/div>\n<\/div><\/div><\/div><\/div><\/div><\/div>","protected":false},"excerpt":{"rendered":"<p>Partners Sponsors ANEP For over 30 years representing Psychology students in Portugal. The National Association of Psychology Students (ANEP) is [&hellip;]<\/p>\n","protected":false},"author":11731,"featured_media":0,"parent":0,"menu_order":0,"comment_status":"closed","ping_status":"closed","template":"","meta":{"_monsterinsights_skip_tracking":false,"_monsterinsights_sitenote_active":false,"_monsterinsights_sitenote_note":"","_monsterinsights_sitenote_category":0},"_links":{"self":[{"href":"https:\/\/more.efpsa.org\/congress2023\/wp-json\/wp\/v2\/pages\/19266"}],"collection":[{"href":"https:\/\/more.efpsa.org\/congress2023\/wp-json\/wp\/v2\/pages"}],"about":[{"href":"https:\/\/more.efpsa.org\/congress2023\/wp-json\/wp\/v2\/types\/page"}],"author":[{"embeddable":true,"href":"https:\/\/more.efpsa.org\/congress2023\/wp-json\/wp\/v2\/users\/11731"}],"replies":[{"embeddable":true,"href":"https:\/\/more.efpsa.org\/congress2023\/wp-json\/wp\/v2\/comments?post=19266"}],"version-history":[{"count":5,"href":"https:\/\/more.efpsa.org\/congress2023\/wp-json\/wp\/v2\/pages\/19266\/revisions"}],"predecessor-version":[{"id":19372,"href":"https:\/\/more.efpsa.org\/congress2023\/wp-json\/wp\/v2\/pages\/19266\/revisions\/19372"}],"wp:attachment":[{"href":"https:\/\/more.efpsa.org\/congress2023\/wp-json\/wp\/v2\/media?parent=19266"}],"curies":[{"name":"wp","href":"https:\/\/api.w.org\/{rel}","templated":true}]}}